Calculate f(1).
5
Let d(b) = b**2 + 25*b - 40. Calculate d(-27).
14
Let a(s) = s + 14. Calculate a(-14).
0
Let y(f) = f**3 + 17*f**2 + 19*f + 54. Determine y(-16).
6
Let k(l) = l**2 + 20*l + 75. Give k(-5).
0
Let b(p) = p**2 + 9*p + 10. Calculate b(-10).
20
Let l(t) = 7*t + 3. Calculate l(-1).
-4
Let t(k) = -9*k + 12. Give t(6).
-42
Let v(a) = a**2 + 2. Give v(3).
11
Let z(j) = 4*j**2 + 5. Determine z(0).
5
Let f(j) = -9*j**3 - 4*j**2 - 2*j + 1. Calculate f(-1).
8
Let p(q) = -q**3 + 10*q + 12. Give p(-3).
9
Let m(q) = -2*q**2 - 8*q + 2. Give m(-6).
-22
Let u(p) = p**2 + 10*p - 23. What is u(-12)?
1
Let g(c) = -c**2 - 18. What is g(-6)?
-54
Let i(q) = q**3 - 4*q**2 + 2*q - 19. What is i(4)?
-11
Let a(d) = d**2 + 19*d + 86. Give a(-13).
8
Let a(v) = 2*v**3 - 5*v**2 - 10*v + 18. Determine a(2).
-6
Let a(u) = u**3 - 7*u**2 + 5*u - 15. What is a(6)?
-21
Let u(a) = a**2 - 23*a + 133. Give u(12).
1
Let t(s) = s**2 - 6*s + 7. Calculate t(5).
2
Let l(h) = -h**2 + 6*h - 5. Calculate l(11).
-60
Let w(j) = -4*j + 4. Give w(-5).
24
Let y(b) = -b**3 - 4*b**2 - 9*b - 27. Give y(-4).
9
Let a(m) = 2*m**2 + 12*m - 13. What is a(1)?
1
Let o(q) = -5*q - 34. Calculate o(-11).
21
Let s(c) = -c**2 + 11*c - 21. What is s(9)?
-3
Let o(n) = n**3 - 14*n**2 - 4. Calculate o(14).
-4
Let x(a) = 15*a - 525. Determine x(36).
15
Let g(n) = -2*n**2 - 12*n + 20. Determine g(2).
-12
Let k(g) = -5*g + 47. Give k(9).
2
Let n(m) = m**3 + 4*m**2 - 4*m - 3. Give n(-4).
13
Let m(l) = l**3 + 9*l**2 + 5*l + 15. Determine m(-8).
39
Let a(j) = 5*j - 18. Calculate a(-8).
-58
Let k(c) = -3*c + 196. What is k(62)?
10
Let v(l) = 2*l**3 - 16*l**2 + 5. Give v(8).
5
Let r(i) = -i**2 + 6*i. Give r(7).
-7
Let d(n) = n**3 - 2*n**2 - 4*n + 1. Determine d(3).
-2
Let b(f) = 62*f - 495. Give b(8).
1
Let t(w) = -w**3 + 7*w**2 - 13*w + 3. Give t(4).
-1
Let p(u) = -u**3 + 5*u**2 + 9*u + 7. What is p(7)?
-28
Let h(v) = v**3 + 11*v**2 - 16*v - 44. Calculate h(-12).
4
Let n(k) = -k**2 + 5*k + 3. What is n(5)?
3
Let j(w) = w**2 - 33*w + 2. Determine j(33).
2
Let x(z) = z**3 + 9*z**2 + z + 5. Give x(-9).
-4
Let q(i) = -3*i - 9. Determine q(-5).
6
Let p(h) = -2*h**2 - 3*h - 3. Calculate p(3).
-30
Let u(b) = -5*b + 25. Determine u(9).
-20
Let y(o) = -2*o**3 + 55*o**2 - 28*o + 28. Calculate y(27).
1
Let s(b) = 8*b + 6. Give s(7).
62
Let z(o) = o**2 - 45*o + 147. Calculate z(43).
61
Let j(o) = -187*o - 553. Determine j(-3).
8
Let w(u) = -3*u**2 + 6*u + 11. Calculate w(0).
11
Let w(v) = 44*v + 1. Calculate w(1).
45
Let g(a) = a**3 + 10*a**2 - 11*a + 5. What is g(-10)?
115
Let i(q) = -q**2 + 6*q - 1. Determine i(4).
7
Let q(m) = -2*m**3 - 44*m**2 + 3*m + 72. Give q(-22).
6
Let c(k) = -4*k + 1. Determine c(4).
-15
Let x(p) = p**3 - 9*p**2 + 22*p - 16. Determine x(5).
-6
Let m(r) = -r**3 + 15*r**2 - 7*r + 101. What is m(15)?
-4
Let l(y) = y**3 - 12*y**2 - 14*y + 18. What is l(13)?
5
Let z(r) = -6*r - 24. Give z(-6).
12
Let t(j) = 2*j**2 - 11*j + 5. Give t(5).
0
Let t(r) = 15*r + 44. Calculate t(-3).
-1
Let g(y) = 7*y + 32. What is g(-4)?
4
Let x(n) = n**2 - 6*n + 4. What is x(5)?
-1
Let d(w) = w - 27. What is d(9)?
-18
Let l(n) = n**2 - 23*n - 59. Determine l(25).
-9
Let b(y) = 15*y - 1. What is b(1)?
14
Let d(w) = -w**3 + 27*w**2 + 29*w - 7. Calculate d(28).
21
Let y(g) = -g**3 + 16*g**2 + 34*g + 28. Determine y(18).
-8
Let o(y) = y**3 - 2*y**2 - 4. Calculate o(3).
5
Let g(h) = -4*h**3 - 5*h**2 - 4*h - 7. Give g(-2).
13
Let b(c) = c**2 - 20*c + 74. Give b(5).
-1
Let k(q) = -q**3 - 39*q**2 + 42. What is k(-39)?
42
Let h(b) = b + 17. Calculate h(-17).
0
Let m(s) = 15*s - 223. What is m(15)?
2
Let r(k) = 2*k - 2. Give r(7).
12
Let f(j) = -7*j - 43. Calculate f(-10).
27
Let w(s) = -68*s**3 - 2*s**2 - 3*s + 4. Calculate w(1).
-69
Let h(l) = l**3 - 52*l**2 + 3*l - 161. Give h(52).
-5
Let k(c) = -13*c**2 - 6*c - 1. Give k(4).
-233
Let v(g) = 7*g + 11. What is v(0)?
11
Let x(m) = -2*m**3 + 72*m**2 + 14. Determine x(36).
14
Let a(g) = -2*g**2 - 35*g - 6. Determine a(-17).
11
Let c(f) = -3*f - 105. Give c(-28).
-21
Let r(p) = p**2 + 2*p + 2. What is r(-5)?
17
Let v(a) = a**2 - 4*a + 4. Give v(4).
4
Let s(b) = -b**2 - 25*b - 17. Calculate s(-24).
7
Let d(j) = j**2 + 6*j - 8. Determine d(-4).
-16
Let q(h) = 8*h**3 - h**2 + 4*h + 5. Calculate q(-2).
-71
Let q(g) = -g**3 + 9*g**2 + 8*g - 5. Calculate q(10).
-25
Let r(x) = x**3 - 32*x**2 + 60*x + 6. Give r(30).
6
Let k(u) = -u**3 + 3*u**2 + 3*u + 2. What is k(4)?
-2
Let f(a) = -6*a**3 + a**2 - 3*a + 4. What is f(1)?
-4
Let j(k) = k**2 - 3*k - 102. What is j(0)?
-102
Let u(b) = b**3 - 11*b**2 + 13*b - 29. Give u(10).
1
Let z(k) = k**2 + 13*k - 138. Give z(-20).
2
Let p(f) = -f**2 - 9*f - 5. What is p(-7)?
9
Let b(v) = v**3 - v - 6. Calculate b(0).
-6
Let c(v) = v**2 - 8*v + 27. Give c(8).
27
Let d(u) = -u**2 - 2*u - 2. What is d(-2)?
-2
Let a(s) = s**3 - 3*s**2 + 3*s - 2. Give a(1).
-1
Let v(a) = 5*a**2 + 26*a + 1. Calculate v(-5).
-4
Let h(q) = -5*q**2 + 17*q + 30. Give h(-2).
-24
Let y(l) = l**2 - 11*l - 3. Give y(8).
-27
Let b(z) = z**3 - 56*z**2 - 115*z - 65. What is b(58)?
-7
Let q(g) = -5*g - 67. What is q(-17)?
18
Let j(c) = -c**3 + 8*c**2 - 9*c + 10. What is j(7)?
-4
Let y(a) = -a**2 - 3*a - 21. What is y(0)?
-21
Let k(i) = 14*i - 104. Calculate k(9).
22
Let r(v) = 13*v - 103. Calculate r(10).
27
Let h(c) = 17*c - 40. Give h(3).
11
Let p(b) = 6*b - 8. Calculate p(-5).
-38
Let f(c) = c**2 + 7*c. Determine f(-5).
-10
Let u(y) = -11*y**2 + 1. Determine u(2).
-43
Let g(l) = l**3 + 5*l**2 + 7*l + 8. What is g(-3)?
5
Let j(k) = -k**2 - 11*k - 8. Calculate j(-8).
16
Let b(q) = -q**3 - 10*q**2 - 23*q - 42. Determine b(-7).
-28
Let t(o) = -o**3 - 4*o**2 + o + 15. Calculate t(-5).
35
Let y(z) = 15*z + 10. Calculate y(8).
130
Let b(r) = r**2 + 19*r + 21. Calculate b(-18).
3
Let j(i) = 3*i**2 + 3. Determine j(-3).
30
Let z(c) = -c**3 - 7*c**2 - 8*c - 6. What is z(-5)?
-16
Let h(s) = -3*s**3 + 2. What is h(2)?
-22
Let d(r) = 4*r + 11. Give d(-5).
-9
Let u(n) = 2*n**2 + 9*n - 1. Calculate u(-4).
-5
Let w(c) = c**2 + 4*c - 2. Determine w(-10).
58
Let l(m) = -7*m + 63. Calculate l(8).
7
Let j(r) = -r**3 - 7*r**2 - 6*r - 6. Determine j(-6).
-6
Let h(p) = 4*p + 3. Calculate h(-5).
-17
Let y(q) = 12*q**2 - 3*q + 1. Calculate y(1).
10
Let m(t) = -t**2 - 10*t - 30. What is m(-4)?
-6
Let h(j) = -j**2 + 44*j - 156. What is h(4)?
4
Let s(j) = 2*j**2 - 29*j - 7. Give s(13).
-46
Let p(z) = -2*z - 11. What is p(-9)?
7
Let h(x) = -223*x + 1558. Determine h(7).
-3
Let m(p) = p**2 + 3*p + 3. Determine m(4).
31
Let p(h) = -h**2 - 18*h + 9. Determine p(-13).
74
Let h(b) = 52*b - 173. Give h(3).
-17
Let n(y) = y**3 + y**2 - 11*y - 5. Give n(-4).
-9
Let h(o) = -o**2 + 24*o - 55. Determine h(22).
-11
Let g(n) = -n**3 + 7*n**2 - 9*n + 11. Give g(6).
-7
Let t(p) = 6*p - 120. Determine t(20).
0
Let z(q) = 4*q**2 + 62*q - 34. Determine z(-16).
-2
Let q(v) = -v**3 + v - 1. Determine q(-2).
5
Let b(u) = -12*u - 118. Determine b(-10).
2
Let d(n) = -29*n + 11. Calculate d(3).
-76
Let m(z) = 2*z - 14. Calculate m(0).
-14
Let m(y) = y**3 - 5*y**2 - 6*y + 20. Determine m(6).
20
Let z(o) = o**2 + 13*o + 6. Determine z(-7).
-36
Let w(k) = 3*k**2 + 8*k + 13. Give w(-6).
73
Let l(s) = s**2 + 6*s - 2. Determine l(-6).
-2
Let d(q) = q**2 - q + 4. What is d(2)?
6
Let a(u) = -2*u - 23. What is a(-14)?
5
Let t(s) = -11*s**2 + 2*s + 1. Determine t(1).
-8
Let c(n) = -n - 11. Determine c(16).
-27
Let r(p) = p**3 - 8*p**2 - 46*p - 12. Calculate r(12).
12
Let v(r) = r**3 + 7*r**2 + 7*r - 4. Give v(-6).
-10
Let s(m) = -2*m**2 - 5*m + 6. Give s(4).
-46
Let b(n) = n + 5. Calculate b(-3).
2
Let d(z) = -2*z + 1. What is d(-1)?
3
Let r(p) = -p**3 - 5*p**2 + p + 9. What is r(-4)?
-11
Let w(x) = -5*x - 83. Determine w(-17).
2
Let z(y) = -7*y - 6. What is z(4)?
-34
Let r(f) = -f**2 - 13*f + 4. Calculate r(-7).
46
Let c(y) = -y + 7. Calculate c(6).
1
Let s(i) = 7*i + 49. Calculate s(-6).
7
Let h(i) = i**2 - 11*i. Give h(10).
-10
Let s(g) = -g + 14. Determine s(6).
8
Let a(y) = -y**3 - 14*y**2 + 17*y + 24. Determine a(-15).
-6
Let z(g) = 12*g**2 + g - 1. What is z(1)?
12
Let y(c) = 40*c + 1633. What is y(-41)?
-7
Let d(p) = 2*p**2 - 5*p + 3. Calculate d(0).
3
Let i(n) = -n**2 - 53*n + 626. Calculate i(10).
-4
Let x(p) = -2*p - 17. What is 